836. Determine a(z).
2
Suppose -6*i + 30 = -12*i. Let c(n) = n. Let q(y) be the second derivative of -y**3/2 + y**2 + 5*y. Let x(z) = -4*c(z) - q(z). Determine x(i).
3
Let m(x) = x**3 + 90*x**2 + 171*x - 401. Let r be m(-88). Let z(u) = -u**2 + 42*u - 118. Determine z(r).
-1
Suppose 12*p = -3*p - 7350. Let y = p - -486. Let o(q) = -q**3 - 3*q**2 + 4*q - 1. Calculate o(y).
-1
Let a = -4038 + 4055. Let z(h) = -h**3 + 16*h**2 + 21*h - 78. Give z(a).
-10
Suppose 3 + 0 = 134*o - 137*o. Let f(m) be the first derivative of 5*m**4/2 + m + 5. Determine f(o).
-9
Let r be (-564)/846 - 86/(-120). Let p(m) be the third derivative of -15*m**2 + 0*m + 1/2*m**3 + 1/12*m**4 - r*m**5 + 0. Calculate p(-2).
-13
Let f be -2*1/(-1) + -3. Let d(y) = 27542 - 4*y - 27540 - y. Calculate d(f).
7
Let q(y) = 5*y**3 - y**2 + 18*y - 13. Let r(m) = -9*m**3 + m**2 - 29*m + 27. Let p(v) = -7*q(v) - 4*r(v). Give p(-4).
7
Let f(m) = -m**3 + 16*m**2 - 2*m + 26. Let i be f(16). Let z(l) = 2*l**2 + 10*l - 8. Let k be z(i). Let r(u) = -5 - 4*u + 2*u + 0*u + k. What is r(1)?
-3
Let d(x) = -x**3 + 63*x**2 + 43*x + 29. Let n(t) = t**3 - 42*t**2 - 29*t - 19. Let z(v) = 5*d(v) + 7*n(v). What is z(-10)?
-8
Suppose -4*o + 5*v + 697 = 0, 20*v = 16*v - 20. Suppose 7*s = 35 - o. Let h(x) = -x**2 - 19*x + 6. Calculate h(s).
6
Suppose 35*u - 1576 + 1086 = 0. Let s(v) = -v**2 + 21*v - 25. Determine s(u).
73
Suppose 3*w - 3*z + 3 = -0*z, -z = 4*w - 11. Suppose 10*j = 3 + 27. Let h(o) = -53*o + j*o**2 - 2 + 2*o**2 + 60*o - o**3 + 0*o**w. Calculate h(6).
4
Let s = -240 + 241. Let x(o) = -o - 1. Let y(n) = 4*n + 2. Let r(q) = s*y(q) + 5*x(q). Give r(-8).
5
Let f(t) = t**3 + 75*t**2 - 58*t + 1383. Let m be f(-76). Let s(j) be the first derivative of m - j + 3/2*j**2. What is s(-4)?
-13
Let f(u) = 9 + 0*u + 0*u - 9*u + 3*u. Let z be (-128)/(-96)*(1 + (-1 - -3)). What is f(z)?
-15
Let q be (((-16)/(-3))/(-4))/(6/(-9)). Let k(n) = 1462*n + n**q - 1462*n + 1. Determine k(-1).
2
Let p(o) be the second derivative of -1/12*o**4 - o + 0*o**2 - 1/6*o**3 + 0. Determine p(-1).
0
Let t(x) = x**3 + 5*x**2 - 9*x + 24. Let y = 217 - 224. Calculate t(y).
-11
Suppose 52*z + 37*z - 81 = 8*z. Let p(x) = -42*x**3 + 2*x**2 - 1. Calculate p(z).
-41
Suppose -66*q - 77 = -407. Let n(j) = -2*j - 2. Calculate n(q).
-12
Suppose -3*q + 4*r + 394 = 0, 5*r + 57 = -3*q + 415. Let v be q/(-441) - 54/7. Let b(c) = -c**3 - 7*c**2 + 9*c + 4. Calculate b(v).
-4
Let u(f) = 2*f + 35. Let a(i) be the second derivative of 8*i**3 + 183*i**2 - 8*i + 10. Let y be a(-8). What is u(y)?
-1
Let v(p) = -p - 13. Let s be 82 + -77 - (23 + 1)*1. Determine v(s).
6
Let p(y) = 17*y + 7. Let s = -6577 + 6576. Determine p(s).
-10
Let m = -5374 + 5356. Let c(p) = p**2 + 10*p - 148. Determine c(m).
-4
Let j(a) = a**3 - 7*a**2 - 12*a + 48. Let k be j(9). Let l(d) = -11*d + k - 111 + 3*d + 12*d**2 - d**3. Determine l(11).
24
Let u(h) = 8*h + 1. Let y(x) be the second derivative of -x**3/2 - 19*x**2/2 - 17*x. Let p be y(-6). Let d be u(p). Let n(k) = -k**2 - 6*k + 8. Give n(d).
1
Let l(m) = -m**3 - 2*m**2 + 4*m - 2. Let c(j) = j**3 + 3*j. Let w(p) = -5*p**2 + 15*p - 5. Let v(i) = -2*c(i) + w(i). Let x(u) = -5*l(u) + 2*v(u). Give x(2).
4
Let n(x) = -162*x**3 + 0*x - 14*x + 161*x**3 - 8*x**2 + 14 + x. Give n(-7).
56
Let h(i) be the third derivative of -i**5/10 + i**4/12 - 2*i**3/3 + 674*i**2. Determine h(-3).
-64
Let f(d) = 5*d**2 + 4*d - 1. Let u(x) = 6*x**2 + 5*x - 1. Let k(h) = 5*f(h) - 4*u(h). Let b(m) = -m**2 + 6*m + 4. Let g be b(7). Calculate k(g).
8
Let d(n) = -14 - 8*n + 9 + 4 + 0. Let w = 14 + -9. Suppose -2 - 3 = w*j. Calculate d(j).
7
Let f be 418/(-99) - (-4)/18. Let o = 6 - 4. Let h(n) = n**2 - o*n + 9*n - 2*n. Calculate h(f).
-4
Let w(u) be the first derivative of u**2 + 22*u + 854. What is w(-16)?
-10
Let h(j) be the third derivative of -j**4/8 - 19*j**3/3 + 6206*j**2. Calculate h(-13).
1
Let n(d) = 333*d - 1676. Let l be n(5). Let o(v) = -v**3 - 13*v**2 - 13*v + 49. Calculate o(l).
-50
Suppose -2*o - 5*b + 25 = 0, 20 = -380*o + 383*o + 4*b. Let u(r) = -r**2 - 50. What is u(o)?
-50
Let s(w) be the second derivative of 1/3*w**3 - 1/2*w**2 + 2 - 27*w. Let n = -27 - -28. What is s(n)?
1
Let g(w) = -7*w + 10. Let z(r) = -3*r + 5. Let q(u) = -2*g(u) + 5*z(u). Let n be (2 - 1)/(16 + (-1677)/104). What is q(n)?
13
Let q(a) = a**3 - 4*a**2 - a. Let g = -226 - -152. Let s = g - -37. Let k = s - -40. What is q(k)?
-12
Let y(k) be the first derivative of -19*k**2/2 - 289*k + 2141. Determine y(-15).
-4
Let b(p) = 435*p + 29. Let h(q) = 523*q + 28. Let x(i) = -6*b(i) + 5*h(i). Give x(7).
1
Let w = 7349 - 7346. Let h(a) = -a**3 + a**2 - 12. Determine h(w).
-30
Let b(u) = 69*u - 22 + 7 - 51 - 62*u - 12. What is b(12)?
6
Let d(h) = -12*h - 5. Let m(b) = -43*b - 20. Let t(y) = 9*d(y) - 2*m(y). Calculate t(-1).
17
Let k(i) = -8*i - 5. Let q(g) = 7*g + 5. Let y(j) = -5*k(j) - 6*q(j). Let z be 105/(-90)*-2*-3. Give y(z).
9
Let h(w) = -w**3 + 15*w**2 - 13*w + 7. Let s(r) = r**2 - 101*r - 3145. Let q be s(126). Give h(q).
192
Let q(o) be the first derivative of o**3/3 + o**2/2 - 3*o - 388. Let j be 299/(-69) - (-2)/6. Calculate q(j).
9
Let b = 1697 - 1679. Let c(n) = 2*n**2 - 42*n + 25. What is c(b)?
-83
Let r(v) be the third derivative of -1/6*v**5 + 0*v + 25/24*v**4 - 1/120*v**6 + 43*v**2 + 3/2*v**3 + 0. Calculate r(-12).
-3
Let v(s) = 4*s**2 + 27*s - 5. Suppose 19*d + 24 = -4*o + 21*d, -3*o - 4*d - 29 = 0. Calculate v(o).
2
Let l = -45 - -46. Let i be 1 + 0/l - -6. Let r(s) be the third derivative of -s**6/120 + s**5/10 + s**4/3 - 2*s**3/3 + 4*s**2 - s. Calculate r(i).
3
Suppose -16*d + 20*d + 8 = 0, -5*y + d = -2. Let p(w) = -4 + w + y - 17. Calculate p(0).
-21
Let u(o) = -22*o**2 - 74*o - 5. Let l(q) = 8*q**2 + 28*q + 2. Let g(d) = -8*l(d) - 3*u(d). Calculate g(0).
-1
Let n be ((-37)/2)/(15/120). Let w = n - -149. Let s(z) = -16*z**3 - 1. Determine s(w).
-17
Let c(a) = a**3 + 8*a**2 + 9*a + 10. Suppose -2*b = 2*m - 5*m + 615, -5*m - 3*b = -1025. Suppose -7*p + 156 = m. Calculate c(p).
-4
Let c(y) = -3*y**2 + 31*y + 4. Let b(s) = -s**2 + 11*s + 1. Let u(h) = -10*b(h) + 3*c(h). Determine u(16).
-14
Let b(t) = -7*t**2 - 2*t + 8. Let g be (-9)/135*-54 - -4*6/(-40). What is b(g)?
-61
Let n be 4 - -5*(-35)/25. Let c(h) = -h**2 - 3*h**3 + 4*h**3 + 1 - 2*h + h**2. What is c(n)?
-20
Let r(f) = -8*f**3 - 10*f**2 + f - 34. Let d(l) = 27*l**3 + 35*l**2 - 4*l + 117. Let p(w) = -5*d(w) - 17*r(w). Let i = 17 - 12. Calculate p(i).
8
Let i(m) = m**2 - 6*m - 5. Let k be 55744/88 + (-12)/110*-5. Let x = k + -628. What is i(x)?
-5
Let j(b) be the first derivative of 21*b**4 + 3*b**2/2 - 4*b + 5814. What is j(1)?
83
Let z(d) be the third derivative of -d**5/12 + 2*d**4 + 17*d**3/6 - 828*d**2. What is z(10)?
-3
Let j(x) = 5*x + 4. Let r(h) = 14*h + 11. Let y(k) = -17*j(k) + 6*r(k). Let q(u) = 5*u + 7. Let s be q(-5). Let n = 11 + s. Give y(n).
5
Let l be (-5)/((1230/156)/41). Let b(k) = -2*k - 62. Give b(l).
-10
Let v(d) = d**3 - 12*d + 14. Let c(k) = k**3 + k**2 - 12*k + 15. Let o(r) = 4*c(r) - 5*v(r). What is o(6)?
-10
Let d(j) = 33*j + j**3 + 210*j**2 - 196*j**2 + 0*j**2 + 0*j**3 + 9. Calculate d(-11).
9
Let n = 18769 - 18771. Let g(o) = -2*o**2 + 12*o + 29. What is g(n)?
-3
Let t(w) = 2*w**3 + 5*w**2 + 2*w - 1. Let a = 780 - 371. Let o(y) = a*y**2 + 2*y + 2 - 17 + y**3 - 415*y**2. Let c be o(6). Give t(c).
-16
Let t(x) = 27*x**2. Suppose 13*f - 5*y = 5*f - 28, 0 = 5*f - 2*y + 13. Calculate t(f).
27
Suppose 0*o - 3*o - 4 = -2*a, -16 = -4*a + 2*o. Suppose 2 = a*g + 4*q, 0*g = -2*g + 2*q + 8. Let m(u) = 12*u - 10*u + g*u. What is m(-1)?
-4
Suppose -116*p - 3*u - 23 = -114*p, -2*p - 31 = -5*u. Let j(v) = 3*v + 24. What is j(p)?
-15
Let i(h) = -5*h**2 - 4*h - 2. Let r(q) = 4*q**2 + 2*q + 1. Let k be ((-64)/(-192))/(2/(-36)). Let t(c) = k*r(c) - 5*i(c). What is t(-8)?
4
Let a(o) = -3 - 2*o - 124*o**2 + 49*o**2 - 56*o**2 + 3*o + o. What is a(1)?
-132
Let c(j) be the third derivative of -j**6/120 + j**4/12 + j**3/2 + 2*j**2 - 2*j - 57. Determine c(-4).
59
Let t(h) = -10*h + 4. Suppose 93*g - 792 = -105*g. Suppose -2*l - 3*j = 9, -4*l + 2*j = -0*j - 6. Suppose 2*a - 2*w = 8, -w - g*w - 5 = l. Give t(a).
-26
Let z(n) = 3*n**2 - 10*n - 7. Let t(j) = j**2 + j + 12. Let p(q) = t(q) - z(q)